 Let l be h(-7). Let p(c) = 0*c + 2*c - l + c - 4*c. Give p(-3).
0
Let i(l) be the second derivative of -l**6/20 + l**5/30 - l**3/6 - l**2 + 2*l. Let b(a) be the first derivative of i(a). Suppose -2*n = -n - 1. Calculate b(n).
-5
Let k(r) be the second derivative of r**3 + r**2 + 10*r. Calculate k(-2).
-10
Let v(t) = 3*t - 1. Let g be 8/12 - 1/(-3). What is v(g)?
2
Let g(w) = w**3 + 2*w**2 + 4*w + 3. Let v(z) = z**2 - z + 1. Let a(m) = -g(m) - 2*v(m). What is a(-4)?
3
Let g(z) = -9*z**3 + z**2. Let o be (4/(-6))/((-4)/66). Suppose -c - 4*y + 10 - 1 = 0, 3*c + 4*y = o. Determine g(c).
-8
Suppose -46 = -13*p + 32. Let v(o) = -o**3 + 5*o**2 + 9*o - 9. What is v(p)?
9
Let x(r) = r - 2. Suppose 4*o = -o + 20. Let l be x(o). Let k(p) = -p**l - p + 2*p + 3*p + 0*p. Calculate k(5).
-5
Let t = -70 - -63. Let c(n) = 2*n - 2. What is c(t)?
-16
Suppose 2*m + 53 = 63. Let d(t) = t - 3. Give d(m).
2
Suppose -3*j - 5*d = -15 - 15, 5*d - 40 = -5*j. Let p(y) = y**3 - 5*y**2 - 3. Give p(j).
-3
Let i(y) = 19 - 11 - 7 - y**2 + y - 3*y. Suppose 5*z - 2*k - 3 = 2, -3*z + 2*k = 1. Suppose -3*q + q = 5*c, -2*c = z*q + 11. Determine i(c).
-7
Let p(v) = v + 5. Let i be p(-6). Let c(o) = 3*o - 1. Let k(h) = -h + 1. Suppose 0*t = -5*t - 10. Let g(b) = i*c(b) + t*k(b). Calculate g(-3).
2
Let h(f) = 7*f - 1. Suppose 2*d + 0 - 2 = 0. What is h(d)?
6
Let r(u) = 6*u**3 - 2*u**2 + 2*u - 1. Let p(x) = x**3 - 4*x**2 - x + 5. Let n be p(4). Determine r(n).
5
Let g = -154 + 156. Let b(y) be the second derivative of 4*y - 5/12*y**4 + 0 - 1/20*y**5 + 0*y**3 + 3/2*y**g. What is b(-5)?
3
Suppose 2*f = 3*f + 4. Let s(p) = p**2 + 5*p - 2. Give s(f).
-6
Let l be (0 + 4/10)*(-19 - -9). Let x(r) = -r**3 - 3*r**2 + 3*r + 3. Give x(l).
7
Let v(l) be the second derivative of -l**7/504 - l**6/360 - l**5/120 + l**4/4 - 6*l. Let w(b) be the third derivative of v(b). Give w(-1).
-4
Let l(a) = a**2 + 7. Let s be l(0). Suppose 3*k + 4*y + s = 0, -4 = -5*k + 3*y + 23. Let b(x) = -3*x - 3 + 5*x**2 + 0*x**2 - k*x**2 - 1. What is b(3)?
5
Let n(z) = -2*z**2 + 3 - z - 3*z**3 + 0*z**3 + 4*z**3. Suppose -3*m + 108 = 33*m. What is n(m)?
9
Let p = -2 + 11. Suppose -2*k = -p - 7. Let a be (k/24)/((-1)/6). Let d(r) = -3*r**3 - 3*r**2. Give d(a).
12
Let x be 3/2*220/30. Let j(p) = -1 - x*p + 0*p**2 - 2*p**2 + p**2 + 18*p. Determine j(7).
-1
Let u = -8 - -13. Let k(p) = 2*p + p - u*p + 1. Give k(1).
-1
Let o(x) = -x**3 - x + 1. Let f(q) = -6*q**3 - 2*q**2 - 4*q + 8. Let a(b) = f(b) - 5*o(b). What is a(-3)?
9
Suppose -v = -4 - 2. Let l(y) = -15*y + 7. Let k(m) = 15*m - 6. Let j(p) = v*k(p) + 5*l(p). Calculate j(1).
14
Let d = -21 + 17. Let r(s) be the first derivative of s**3/3 + s**2/2 - 3*s - 1. Calculate r(d).
9
Let d(s) = s - 6. Let r(k) = 5. Let n(b) = -5*d(b) - 6*r(b). What is n(3)?
-15
Let r(o) = -o**2 - 6*o - 5. Let s be r(-4). Let a be 1 + (0 - -1) + s. Let f(j) = -j**2 + 6*j - 3. Calculate f(a).
2
Let p(u) be the third derivative of -u**7/5040 - u**6/180 + u**5/20 + 2*u**2. Let r(g) be the third derivative of p(g). Give r(3).
-7
Let t be ((-2)/(-6))/(4/(-24)). Let r(c) = 4*c**2 - c. Let g(i) = -3*i**2 + 1. Let l(q) = t*r(q) - 3*g(q). Suppose 0 = 2*u + 2*u - 8. What is l(u)?
5
Let g(r) be the second derivative of r**3/3 - r**2/2 + r. Let v(m) = -6*m + 3. Let s be v(1). What is g(s)?
-7
Suppose -3*k - 10 = -4. Let i(v) = 3*v - 2. Determine i(k).
-8
Let a(k) be the first derivative of k**2 + 2*k - 7. Calculate a(-2).
-2
Let n(u) be the second derivative of -2*u + 0 + 1/20*u**5 + 5/2*u**2 + 5/12*u**4 + 2/3*u**3. Suppose -3*b - 37 = -5*r, -r = b + 2*b + 7. Calculate n(b).
5
Let h(l) = 2*l**3 - 4*l**2 - 7*l - 6. Let u(o) = 4*o**3 - 7*o**2 - 13*o - 11. Let b(t) = 11*h(t) - 6*u(t). Calculate b(-2).
6
Let q = -26 + 56. Suppose 3*g - 12 = 2*d, 7*g - q = 3*g - 2*d. Let j(k) = -k**3 + 7*k**2 - 7*k + 1. Give j(g).
-5
Suppose 12 = y - 2*y. Let p be (-18)/(-15) + y/(-15). Let v(m) = -m + 2. Calculate v(p).
0
Let s be (1/2)/(2/8). Let f(r) = 5*r**3 - 4*r**3 + s*r + 4*r**3 + 1 + 6*r**2 - 4*r**3. Give f(-6).
-11
Let d(w) be the second derivative of 0 + 5/6*w**3 + 1/20*w**5 - 5/12*w**4 + 4*w + w**2. Calculate d(4).
6
Let d(s) be the second derivative of 5*s**4/4 - s**3/6 + 10*s. Determine d(-1).
16
Let a be ((-10)/(-6))/(-5)*-12. Let j(y) = -17*y - 13. Let v(z) = 4*z + 3. Let p(d) = a*j(d) + 18*v(d). Determine p(-2).
-6
Let d(b) = 4*b. Let g(f) = -f**3 + 9*f - 6*f**2 - 3*f - 5 + 0. Let p be 4 - (-16)/(-2) - -1 - 4. Let u be g(p). Calculate d(u).
8
Let p(q) = q**3 - 8*q**2 + 6*q + 9. Suppose 6*t = 47 - 5. Give p(t).
2
Let g(b) = 2*b - 4. Suppose 0 = 2*s + 3*s - 15. Calculate g(s).
2
Let z = -5 + -2. Let k(i) = -i**3 - 8*i**2 - 8*i - 9. Let n be k(z). Let t(b) = 4*b + 3. Give t(n).
-5
Let g(t) = -t**2 - 1. Let m(s) = -3*s**2 + 4*s - 9. Let h(w) = 4*g(w) - m(w). Determine h(-5).
0
Let c(u) = u**3 + 3*u**2 + 3*u + 4. Let w = -11 + 17. Suppose -2*l - 2*n - w = 0, -4*l + 5*n + 5 - 17 = 0. Determine c(l).
-5
Suppose f - 16 = -11. Let v(l) = 4*l**3 - 33*l**2 + 11*l + 21. Let k(p) = p**3 - 8*p**2 + 3*p + 5. Let t(x) = -9*k(x) + 2*v(x). Determine t(f).
-3
Let k(r) = -3*r**2 - 10*r - 15. Let m(w) = 2*w**2 + 5*w + 8. Let y be 2*(-4 - (-12)/8). Let p(v) = y*m(v) - 3*k(v). Calculate p(5).
5
Let a(f) = -f**2 + 8*f + 9. Let x be 6/(1/(2/2)). Let v be ((-12)/(-10))/(x/45). Let t be a(v). Let p(s) = -s. Calculate p(t).
0
Let f(d) = 12*d**2 - d**3 + 4 - 25*d**2 + 9*d**2. Let n be (-4 - -1 - -1) + 8. Let v = 2 - n. Calculate f(v).
4
Let c = -1 + 10. Let h = 15 - 11. Let f(a) = 2*a**2 - 9*a + 6. Let o(s) = -s**2 + 4*s - 3. Let z(j) = c*o(j) + h*f(j). What is z(0)?
-3
Let d(o) = -o**2 + 2*o + 5. Let g be d(4). Let i(a) = 3*a - 1. Determine i(g).
-10
Let o(i) be the second derivative of 7*i**3/6 - i**2/2 + i. Let g = 1 + 0. Calculate o(g).
6
Let p(u) = u - 1. Let w be p(5). Let i(l) = 0 + w - 1 + 2*l. Give i(-3).
-3
Let a(o) = -o**2 - 8*o + 6. Let g(u) = u. Let n(q) = -a(q) - 5*g(q). Calculate n(-5).
4
Let n(y) = -8*y - 1. Let u(v) = -v**3 + 5*v**2 - 4*v + 2. Let h be u(4). Suppose -h = -2*o - 8. Let j = 4 + o. Determine n(j).
-9
Let t(j) = j**3 + 7*j**2 - 8*j. Let x be t(-8). Let y(w) = -w - 5 + 2 + x. What is y(-4)?
1
Let c(v) = 6*v - 1. Let a(i) = i + 19. Let f be a(-18). Determine c(f).
5
Suppose 3*g + 15 = -0. Let c = 5 + -4. Let z(b) = -1 + 1 + b**2 + 4*b - c. Give z(g).
4
Let q(v) be the second derivative of v**4/12 + 2*v**3/3 + 7*v**2/2 - v. Let k be (-8)/(-24)*(-30)/2. What is q(k)?
12
Let t(p) be the second derivative of -p**7/840 - p**6/72 - p**5/120 - p**4/6 - 2*p**3/3 - 4*p. Let o(m) be the second derivative of t(m). Determine o(-5).
1
Let i = -37 - -27. Let c(v) = -v**2 - 11*v - 7. What is c(i)?
3
Let r(j) = 4*j - 13. Let d(i) = i - 3. Let v(x) = -9*d(x) + 2*r(x). Let c(k) = k + 14. Let z be c(-7). Suppose -5*p - z = 8. Determine v(p).
4
Let v = -6 + 8. Let b(n) = v*n**2 + 2*n**2 + 0*n**2 + 2*n + n. Calculate b(-2).
10
Let z(x) = -4*x**2 - 3*x**2 - 8*x + 6*x**2 - 7. Let u(d) = -2*d. Let i be u(3). Determine z(i).
5
Let l(o) = -o**3 + 5*o**2 - 2*o - 2. Let w be l(4). Suppose 0 = y + 3 - w. Let f(r) = 2*r - 4. Calculate f(y).
2
Let f(g) = 147 - 3*g - 151 + 4*g. What is f(3)?
-1
Let d(c) be the first derivative of -c**2 + 9*c - 6. What is d(7)?
-5
Let h(u) = -10*u**3 + u**2 - u + 4. Let l(c) = 7*c**3 - c**2 + c - 3. Let t(g) = 5*h(g) + 7*l(g). What is t(-3)?
2
Let v(q) = -2*q**3 + 1. Let x be v(1). Let i(a) = -4*a**3 + a**2 - 3*a**3 + 0*a**2 + a. Give i(x).
7
Let a(h) = -4 - 3*h - h**3 + 6*h**2 - 13*h**2 + 6. Give a(-6).
-16
Suppose 24 = 54*o - 58*o. Let i(m) = m**2 + 4*m - 8. Calculate i(o).
4
Let k be (5 - 3)/(-1*1). Let w(t) = 3*t**2 - t. Let o be w(-1). Let y be ((-3)/(-2))/(k/o). Let u(l) = -l**3 - 3*l**2 - 3*l - 1. Determine u(y).
8
Suppose -5*w + 13 = -2*x - 8, -7 = -3*w + 4*x. Let h(c) = 28*c + 0 - 32*c + c**2 + 6. Determine h(w).
11
Let a(s) = s**2 + 4*s + 1. Suppose 4*k + m + 3 + 14 = 0, -5*k = 2*m + 19. Determine a(k).
6
Let u(b) = -4*b**3 + 2*b**2 - 1. Let r = -3 - -5. Suppose -r*y + 14 = -4*h, 0*y = -2*y + 3*h + 13. Suppose -y*x = -4 - 1. Calculate u(x).
-3
Let x = -11 + 9. Let u(l) = 2*l**3 + 3*l**2 + l - 1. Calculate u(x).
-7
Let t be (-1)/3 + (-4)/(-3). Let w(y) = -2*y - 8. Let p be w(-5). Let b(l) = 5*l + 2*l**2